tor of 187 and 33?
11
What is the greatest common factor of 72 and 1300?
4
Calculate the greatest common factor of 99 and 957.
33
What is the greatest common divisor of 161 and 10948?
161
What is the greatest common factor of 40 and 380?
20
Calculate the greatest common divisor of 637 and 147.
49
What is the highest common divisor of 13 and 10010?
13
What is the greatest common factor of 370 and 7622?
74
Calculate the highest common factor of 90 and 360.
90
What is the greatest common factor of 9 and 279?
9
Calculate the greatest common factor of 10 and 76.
2
What is the highest common factor of 9723 and 21?
21
Calculate the highest common factor of 5 and 185.
5
What is the greatest common divisor of 170 and 30770?
170
What is the highest common factor of 120 and 108?
12
Calculate the greatest common factor of 4088 and 392.
56
What is the highest common divisor of 120 and 10128?
24
What is the greatest common divisor of 8 and 20?
4
Calculate the highest common factor of 10 and 5470.
10
What is the greatest common factor of 6 and 294?
6
What is the highest common divisor of 6225 and 150?
75
What is the highest common divisor of 16 and 496?
16
Calculate the highest common factor of 88 and 8888.
88
What is the highest common divisor of 12 and 14424?
12
Calculate the highest common divisor of 5002 and 366.
122
Calculate the greatest common factor of 1092 and 507.
39
Calculate the greatest common factor of 7 and 7.
7
Calculate the highest common factor of 9 and 594.
9
Calculate the greatest common divisor of 104 and 1716.
52
Calculate the highest common factor of 15 and 13200.
15
Calculate the greatest common divisor of 671 and 305.
61
What is the highest common factor of 1059 and 3?
3
Calculate the highest common divisor of 893 and 47.
47
What is the greatest common divisor of 1054 and 187?
17
Calculate the greatest common factor of 1573 and 22.
11
Calculate the greatest common divisor of 24 and 376.
8
What is the greatest common divisor of 116 and 26332?
116
What is the highest common divisor of 30315 and 129?
129
What is the greatest common divisor of 118 and 3953?
59
Calculate the greatest common divisor of 855 and 90.
45
What is the highest common divisor of 5675 and 227?
227
Calculate the greatest common factor of 304 and 24.
8
Calculate the greatest common factor of 9 and 2.
1
What is the greatest common divisor of 517 and 77?
11
Calculate the highest common divisor of 667 and 29.
29
What is the greatest common divisor of 2058 and 28?
14
Calculate the greatest common factor of 30 and 78.
6
Calculate the greatest common factor of 36 and 20940.
12
What is the greatest common divisor of 3 and 954?
3
What is the highest common factor of 1 and 31?
1
Calculate the highest common factor of 138 and 9.
3
What is the highest common divisor of 20 and 36380?
20
What is the highest common factor of 1280 and 24?
8
Calculate the highest common divisor of 31250 and 10.
10
What is the greatest common factor of 18 and 1434?
6
What is the greatest common divisor of 88 and 748?
44
Calculate the greatest common factor of 425 and 75.
25
What is the greatest common divisor of 48 and 60?
12
Calculate the highest common divisor of 1952 and 96.
32
What is the highest common divisor of 207 and 4416?
69
What is the greatest common divisor of 8 and 648?
8
Calculate the highest common factor of 24 and 248.
8
What is the greatest common factor of 112 and 34384?
112
What is the highest common divisor of 7 and 189?
7
What is the highest common factor of 168 and 10836?
84
What is the greatest common factor of 77 and 473?
11
What is the greatest common factor of 1233 and 9?
9
What is the greatest common divisor of 8 and 280?
8
Calculate the highest common divisor of 27 and 288.
9
Calculate the greatest common factor of 1 and 728.
1
What is the greatest common factor of 1890 and 70?
70
Calculate the highest common factor of 1 and 197.
1
What is the greatest common divisor of 4 and 26?
2
Calculate the highest common factor of 36198 and 36.
18
Calculate the highest common factor of 21 and 14889.
21
What is the greatest common factor of 1131 and 522?
87
Calculate the greatest common factor of 200 and 200.
200
Calculate the highest common divisor of 49698 and 66.
66
What is the highest common divisor of 136 and 16?
8
Calculate the greatest common divisor of 468 and 423.
9
Calculate the highest common divisor of 2 and 83.
1
What is the highest common divisor of 176 and 32?
16
What is the greatest common factor of 20 and 68?
4
What is the greatest common divisor of 747 and 6225?
249
Calculate the greatest common factor of 8 and 32.
8
Calculate the highest common divisor of 4472 and 215.
43
Calculate the highest common divisor of 595 and 10370.
85
Calculate the highest common divisor of 459 and 34.
17
Calculate the greatest common factor of 5671 and 53.
53
What is the greatest common factor of 81 and 1?
1
Calculate the greatest common factor of 76 and 56.
4
Calculate the greatest common factor of 48 and 25.
1
Calculate the highest common factor of 1208 and 151.
151
Calculate the highest common divisor of 8 and 7.
1
What is the highest common divisor of 1015 and 58?
29
What is the greatest common divisor of 2294 and 222?
74
What is the highest common divisor of 25 and 2?
1
Calculate the highest common factor of 158 and 1.
1
What is the highest common divisor of 6757 and 233?
233
What is the greatest common divisor of 98 and 147?
49
What is the highest common factor of 23346 and 18?
18
Calculate the greatest common factor of 238 and 442.
34
What is the highest common factor of 4 and 774?
2
What is the greatest common factor of 289 and 17?
17
What is the greatest common factor of 9658 and 2?
2
Calculate the highest common divisor of 6 and 2166.
6
What is the greatest common factor of 29 and 667?
29
Calculate the greatest common factor of 9 and 36.
9
What is the highest common factor of 49 and 56?
7
Calculate the greatest common factor of 25 and 26150.
25
Calculate the greatest common divisor of 105 and 20.
5
Calculate the highest common divisor of 1417 and 1526.
109
What is the highest common factor of 221 and 68?
17
What is the greatest common factor of 84 and 182?
14
Calculate the greatest common factor of 1769 and 122.
61
Calculate the highest common factor of 4697 and 231.
77
What is the greatest common divisor of 33 and 44?
11
Calculate the highest common divisor of 2 and 226.
2
Calculate the greatest common divisor of 840 and 24.
24
What is the highest common divisor of 186 and 318?
6
Calculate the highest common divisor of 115 and 5.
5
Calculate the highest common divisor of 36 and 288.
36
Calculate the highest common divisor of 204 and 48.
12
What is the greatest common divisor of 260 and 1339?
13
What is the greatest common factor of 50 and 18?
2
Calculate the greatest common divisor of 968 and 363.
121
What is the highest common factor of 168 and 48?
24
What is the highest common divisor of 3164 and 28?
28
What is the highest common divisor of 13 and 741?
13
Calculate the highest common divisor of 144 and 116.
4
What is the greatest common factor of 3 and 357?
3
What is the highest common factor of 88 and 66?
22
What is the highest common divisor of 77 and 7?
7
Calculate the highest common divisor of 209 and 114.
19
What is the highest common divisor of 2622 and 114?
114
What is the greatest common divisor of 128 and 13632?
64
Calculate the greatest common factor of 2 and 209.
1
Calculate the greatest common divisor of 3404 and 368.
92
What is the highest common divisor of 80 and 180?
20
What is the greatest common factor of 1150 and 50?
50
What is the greatest common divisor of 96 and 9312?
96
What is the highest common divisor of 60 and 220?
20
Calculate the greatest common divisor of 12685 and 430.
215
Calculate the highest common divisor of 22 and 3091.
11
Calculate the highest common divisor of 18 and 288.
18
Calculate the highest common factor of 728 and 520.
104
What is the highest common divisor of 16 and 64?
16
Calculate the highest common factor of 20 and 430.
10
Calculate the highest common factor of 123 and 111.
3
What is the greatest common factor of 234 and 18?
18
Calculate the highest common divisor of 692 and 7439.
173
What is the greatest common factor of